{"id":151,"date":"2025-08-21T04:21:32","date_gmt":"2025-08-21T04:21:32","guid":{"rendered":"http:\/\/laboix-demo.local\/?page_id=151"},"modified":"2025-10-06T23:28:18","modified_gmt":"2025-10-06T23:28:18","slug":"faqs","status":"publish","type":"page","link":"https:\/\/projeto101.doi2versos.com.br\/index.php\/faqs\/","title":{"rendered":"FAQ"},"content":{"rendered":"\t\t<div data-elementor-type=\"wp-page\" data-elementor-id=\"151\" class=\"elementor elementor-151\" data-elementor-post-type=\"page\">\n\t\t\t\t<div class=\"elementor-element elementor-element-0666040 e-con-full e-flex e-con e-parent\" data-id=\"0666040\" data-element_type=\"container\">\n\t\t\t\t<div class=\"elementor-element elementor-element-6b8377a elementor-widget elementor-widget-laboix-faq\" data-id=\"6b8377a\" data-element_type=\"widget\" data-widget_type=\"laboix-faq.default\">\n\t\t\t\t<div class=\"elementor-widget-container\">\n\t\t\t\t\t    <section class=\"faq-page\">\r\n        <div class=\"container\">\r\n            <div class=\"row align-items-center\">\r\n                <div class=\"col-lg-6\">\r\n                    <div class=\"sec-title text-start wow fadeInUp\" data-wow-duration='1500ms'>\r\n                        <h6 class=\"sec-title__tagline\"><img decoding=\"async\" src=\"https:\/\/projeto101.doi2versos.com.br\/wp-content\/uploads\/2024\/04\/sec-title-s-1.png\" alt=\"sec-title-s-1\" title=\"sec-title-s-1\" class=\"sec-title__img\" > FAQS<\/h6>\r\n                        <h3 class=\"sec-title__title\">Perguntas Frequentes<\/h3>                    <\/div><!-- \/.sec-title -->\r\n                <\/div>\r\n                <div class=\"col-lg-6\">\r\n                    <div class=\"faq-page__search\">\r\n                        <form method=\"get\" action=\"https:\/\/projeto101.doi2versos.com.br\/\" class=\"faq-page__search__item\">\r\n                            <button type=\"submit\" aria-label=\"search submit\">\r\n                                <span><i class=\"icon-search\"><\/i><\/span>\r\n                            <\/button>\r\n                            <input name=\"s\" type=\"text\" placeholder=\"Search here anything\">\r\n                        <\/form><!-- \/.sidebar__search -->\r\n                    <\/div><!-- \/.sidebar__single -->\r\n                <\/div>\r\n            <\/div>\r\n            <div class=\"row\">\r\n                <div class=\"col-12\">\r\n                    <div class=\"faq-page__accordion laboix-accrodion\" data-grp-name=\"laboix-accrodion\">\r\n                                                    <div class=\"accrodion active\">\r\n                                <div class=\"accrodion-title\">\r\n                                    <h4 class=\"accrodion-title__text\">Quanto tempo demora, em m\u00e9dia, para concluir um processo de documentos para cidadania?                                        <span class=\"accrodion-title__icon\"><\/span>\r\n                                    <\/h4>\r\n                                <\/div><!-- \/.accordian-title -->\r\n                                <div class=\"accrodion-content\">\r\n                                    <div class=\"inner\">\r\n                                        <p class=\"inner__text\">O prazo varia conforme o tipo de servi\u00e7o solicitado e a complexidade do processo. Em geral, tradu\u00e7\u00f5es juramentadas levam poucos dias \u00fateis, enquanto buscas e emiss\u00f5es de certid\u00f5es podem levar semanas dependendo do cart\u00f3rio. J\u00e1 o apostilamento costuma ser \u00e1gil, especialmente em cart\u00f3rios parceiros. Na VETTA, priorizamos a agilidade, mantendo voc\u00ea atualizado em cada etapa.<\/p>\r\n                                    <\/div><!-- \/.accordian-content -->\r\n                                <\/div>\r\n                            <\/div><!-- \/.accordian-item -->\r\n                                                    <div class=\"accrodion \">\r\n                                <div class=\"accrodion-title\">\r\n                                    <h4 class=\"accrodion-title__text\">Preciso estar presencialmente em cart\u00f3rios ou \u00f3rg\u00e3os para emitir meus documentos?                                        <span class=\"accrodion-title__icon\"><\/span>\r\n                                    <\/h4>\r\n                                <\/div><!-- \/.accordian-title -->\r\n                                <div class=\"accrodion-content\">\r\n                                    <div class=\"inner\">\r\n                                        <p class=\"inner__text\">N\u00e3o. A VETTA cuida de todo o processo em seu nome, eliminando a necessidade de deslocamentos ou filas em cart\u00f3rios. Utilizamos tecnologia integrada e uma rede de parceiros estrat\u00e9gicos para localizar, emitir, traduzir e apostilar documentos de forma remota e segura, com validade internacional.<\/p>\r\n                                    <\/div><!-- \/.accordian-content -->\r\n                                <\/div>\r\n                            <\/div><!-- \/.accordian-item -->\r\n                                                    <div class=\"accrodion \">\r\n                                <div class=\"accrodion-title\">\r\n                                    <h4 class=\"accrodion-title__text\">A tradu\u00e7\u00e3o juramentada feita pela VETTA \u00e9 aceita em todos os pa\u00edses?                                        <span class=\"accrodion-title__icon\"><\/span>\r\n                                    <\/h4>\r\n                                <\/div><!-- \/.accordian-title -->\r\n                                <div class=\"accrodion-content\">\r\n                                    <div class=\"inner\">\r\n                                        <p class=\"inner__text\">Sim. Nossos tradutores juramentados s\u00e3o credenciados e habilitados para emitir tradu\u00e7\u00f5es oficiais com validade legal. Isso significa que seus documentos ser\u00e3o aceitos em \u00f3rg\u00e3os p\u00fablicos, consulados, universidades e institui\u00e7\u00f5es estrangeiras que exigem tradu\u00e7\u00e3o oficial.<\/p>\r\n                                    <\/div><!-- \/.accordian-content -->\r\n                                <\/div>\r\n                            <\/div><!-- \/.accordian-item -->\r\n                                                    <div class=\"accrodion \">\r\n                                <div class=\"accrodion-title\">\r\n                                    <h4 class=\"accrodion-title__text\">O que \u00e9 o apostilamento de Haia e quando ele \u00e9 necess\u00e1rio?                                        <span class=\"accrodion-title__icon\"><\/span>\r\n                                    <\/h4>\r\n                                <\/div><!-- \/.accordian-title -->\r\n                                <div class=\"accrodion-content\">\r\n                                    <div class=\"inner\">\r\n                                        <p class=\"inner__text\">O apostilamento \u00e9 um selo de autentica\u00e7\u00e3o que confere validade internacional a documentos emitidos no Brasil ou em pa\u00edses signat\u00e1rios da Conven\u00e7\u00e3o de Haia. Ele \u00e9 necess\u00e1rio sempre que voc\u00ea precisa apresentar certid\u00f5es, diplomas ou outros documentos oficiais no exterior, substituindo a antiga legaliza\u00e7\u00e3o consular.<\/p>\r\n                                    <\/div><!-- \/.accordian-content -->\r\n                                <\/div>\r\n                            <\/div><!-- \/.accordian-item -->\r\n                                                    <div class=\"accrodion \">\r\n                                <div class=\"accrodion-title\">\r\n                                    <h4 class=\"accrodion-title__text\">Como posso acompanhar o andamento do meu pedido com a VETTA?                                        <span class=\"accrodion-title__icon\"><\/span>\r\n                                    <\/h4>\r\n                                <\/div><!-- \/.accordian-title -->\r\n                                <div class=\"accrodion-content\">\r\n                                    <div class=\"inner\">\r\n                                        <p class=\"inner__text\">Oferecemos acompanhamento cont\u00ednuo e transparente. Ap\u00f3s a contrata\u00e7\u00e3o, voc\u00ea recebe atualiza\u00e7\u00f5es em tempo real sobre cada etapa do processo. Assim, voc\u00ea sabe exatamente em que fase est\u00e1 seu documento, sem surpresas ou inseguran\u00e7a.<\/p>\r\n                                    <\/div><!-- \/.accordian-content -->\r\n                                <\/div>\r\n                            <\/div><!-- \/.accordian-item -->\r\n                                                    <div class=\"accrodion \">\r\n                                <div class=\"accrodion-title\">\r\n                                    <h4 class=\"accrodion-title__text\">A VETTA garante a seguran\u00e7a e a confidencialidade dos meus dados?                                        <span class=\"accrodion-title__icon\"><\/span>\r\n                                    <\/h4>\r\n                                <\/div><!-- \/.accordian-title -->\r\n                                <div class=\"accrodion-content\">\r\n                                    <div class=\"inner\">\r\n                                        <p class=\"inner__text\">Sim. Trabalhamos com protocolos criptografados e pr\u00e1ticas de seguran\u00e7a avan\u00e7adas para proteger todas as informa\u00e7\u00f5es dos clientes. Al\u00e9m disso, prezamos pela confidencialidade absoluta, garantindo que seus documentos e dados pessoais sejam tratados com o m\u00e1ximo cuidado e sigilo.<\/p>\r\n                                    <\/div><!-- \/.accordian-content -->\r\n                                <\/div>\r\n                            <\/div><!-- \/.accordian-item -->\r\n                        \r\n                    <\/div>\r\n                <\/div><!-- \/.col-lg-8 col-xl-9 -->\r\n                                    <div class=\"col-lg-6\">\r\n                        <div class=\"faq-page__content\">\r\n                            <div class=\"faq-page__content__item\">\r\n                                <div class=\"faq-page__content__icon\">\r\n                                    <i aria-hidden=\"true\" class=\"icon-email\"><\/i>                                <\/div>\r\n                                <h4 class=\"faq-page__content__title\">Pe\u00e7a ajuda e escreva agora!<\/h4>\r\n                                <div class=\"faq-page__content__action\">\r\n                                    <span class=\"faq-page__content__action__top\">Obtenha respostas<\/span>\r\n                                    <p class=\"faq-page__content__action__text\"><a href=\"mailto:vetta@vettadocumental.com\">vetta@vettadocumental.com<\/a><\/p>\r\n                                <\/div>\r\n                            <\/div>\r\n                        <\/div>\r\n                    <\/div>\r\n                                    <div class=\"col-lg-6\">\r\n                        <div class=\"faq-page__content\">\r\n                            <div class=\"faq-page__content__item\">\r\n                                <div class=\"faq-page__content__icon\">\r\n                                    <i aria-hidden=\"true\" class=\" icon-telephone-call-1\"><\/i>                                <\/div>\r\n                                <h4 class=\"faq-page__content__title\">Ainda tem d\u00favidas? Ligue agora!<\/h4>\r\n                                <div class=\"faq-page__content__action\">\r\n                                    <span class=\"faq-page__content__action__top\">WhatsApp<\/span>\r\n                                    <p class=\"faq-page__content__action__text\"><a href=\"https:\/\/wa.me\/556139950650\">(61) 3995-0650<\/a><\/p>\r\n                                <\/div>\r\n                            <\/div>\r\n                        <\/div>\r\n                    <\/div>\r\n                            <\/div><!-- \/.row -->\r\n\r\n        <\/div><!-- \/.container -->\r\n    <\/section><!-- \/.faq-page-accordion -->\r\n\t\t\t\t<\/div>\n\t\t\t\t<\/div>\n\t\t\t\t<\/div>\n\t\t\t\t<\/div>\n\t\t","protected":false},"excerpt":{"rendered":"<p>FAQS Perguntas Frequentes Quanto tempo demora, em m\u00e9dia, para concluir um processo de documentos para cidadania? O prazo varia conforme o tipo de servi\u00e7o solicitado e a complexidade do processo. Em geral, tradu\u00e7\u00f5es juramentadas levam poucos dias \u00fateis, enquanto buscas e emiss\u00f5es de certid\u00f5es podem levar semanas dependendo do cart\u00f3rio. J\u00e1 o apostilamento costuma ser [&hellip;]<\/p>\n","protected":false},"author":1,"featured_media":0,"parent":0,"menu_order":0,"comment_status":"closed","ping_status":"closed","template":"elementor_header_footer","meta":{"footnotes":""},"class_list":["post-151","page","type-page","status-publish","hentry"],"_links":{"self":[{"href":"https:\/\/projeto101.doi2versos.com.br\/index.php\/wp-json\/wp\/v2\/pages\/151","targetHints":{"allow":["GET"]}}],"collection":[{"href":"https:\/\/projeto101.doi2versos.com.br\/index.php\/wp-json\/wp\/v2\/pages"}],"about":[{"href":"https:\/\/projeto101.doi2versos.com.br\/index.php\/wp-json\/wp\/v2\/types\/page"}],"author":[{"embeddable":true,"href":"https:\/\/projeto101.doi2versos.com.br\/index.php\/wp-json\/wp\/v2\/users\/1"}],"replies":[{"embeddable":true,"href":"https:\/\/projeto101.doi2versos.com.br\/index.php\/wp-json\/wp\/v2\/comments?post=151"}],"version-history":[{"count":8,"href":"https:\/\/projeto101.doi2versos.com.br\/index.php\/wp-json\/wp\/v2\/pages\/151\/revisions"}],"predecessor-version":[{"id":2839,"href":"https:\/\/projeto101.doi2versos.com.br\/index.php\/wp-json\/wp\/v2\/pages\/151\/revisions\/2839"}],"wp:attachment":[{"href":"https:\/\/projeto101.doi2versos.com.br\/index.php\/wp-json\/wp\/v2\/media?parent=151"}],"curies":[{"name":"wp","href":"https:\/\/api.w.org\/{rel}","templated":true}]}}